4?
False
Is 315 a multiple of 9?
True
Does 49 divide 122941?
True
Is 506 a multiple of 11?
True
Does 43 divide 1218?
False
Is 93126 a multiple of 17?
True
Does 6 divide 522?
True
Does 57 divide 17863?
False
Does 62 divide 5104?
False
Is 140 a factor of 24692?
False
Is 1301 a multiple of 9?
False
Is 13 a factor of 208?
True
Does 9 divide 3933?
True
Does 35 divide 4018?
False
Is 16 a factor of 550?
False
Is 1564 a multiple of 23?
True
Is 3 a factor of 104?
False
Is 107179 a multiple of 99?
False
Is 147 a factor of 4263?
True
Is 71 a factor of 10366?
True
Is 33093 a multiple of 15?
False
Does 6 divide 594?
True
Is 61 a factor of 2928?
True
Does 5 divide 16709?
False
Is 1835 a multiple of 6?
False
Does 20 divide 440?
True
Is 5312 a multiple of 83?
True
Is 2 a factor of 251?
False
Does 5 divide 74?
False
Is 919 a multiple of 46?
False
Is 46 a factor of 18868?
False
Does 19 divide 798?
True
Is 3 a factor of 121?
False
Is 1000 a multiple of 5?
True
Is 41356 a multiple of 28?
True
Is 504 even?
True
Is 197 a multiple of 5?
False
Does 132 divide 3960?
True
Is 26 a factor of 29718?
True
Is 9 a factor of 2043?
True
Is 7 a factor of 973?
True
Is 3970 a multiple of 5?
True
Is 336 a multiple of 7?
True
Is 17071 a multiple of 5?
False
Does 69 divide 5865?
True
Does 3 divide 788?
False
Is 1232 a multiple of 11?
True
Is 36 a factor of 66069?
False
Does 12 divide 1260?
True
Is 60 a factor of 9817?
False
Does 5 divide 898?
False
Is 8 a factor of 128?
True
Does 14 divide 154?
True
Is 6 a factor of 368?
False
Is 5 a factor of 913?
False
Does 146 divide 1281?
False
Is 6135 a multiple of 15?
True
Is 21666 a multiple of 69?
True
Does 22 divide 2486?
True
Does 18 divide 2664?
True
Is 219 a multiple of 5?
False
Does 148 divide 2469?
False
Is 34 a factor of 1020?
True
Is 175 a multiple of 5?
True
Is 29 a factor of 170?
False
Does 47 divide 94353?
False
Does 80 divide 6125?
False
Is 8 a factor of 1108?
False
Does 14 divide 7350?
True
Is 20 a factor of 6362?
False
Does 32 divide 5184?
True
Is 15780 a multiple of 15?
True
Is 90 a multiple of 30?
True
Does 5 divide 146?
False
Is 83391 a multiple of 77?
True
Is 44390 a multiple of 10?
True
Is 17421 a multiple of 106?
False
Is 21 a factor of 83706?
True
Is 1037 a multiple of 17?
True
Is 64 a multiple of 4?
True
Does 13 divide 2937?
False
Is 97200 a multiple of 216?
True
Is 14 a factor of 46676?
True
Is 9990 a multiple of 30?
True
Does 58 divide 14152?
True
Is 444 a factor of 159840?
True
Is 14067 a multiple of 25?
False
Is 10 a factor of 717?
False
Is 259 a multiple of 10?
False
Does 90 divide 460?
False
Is 7295 a multiple of 66?
False
Does 32 divide 3296?
True
Does 54 divide 4438?
False
Is 44 a factor of 1100?
True
Does 2 divide 37?
False
Is 296 a multiple of 16?
False
Is 10 a factor of 60?
True
Is 875 a multiple of 25?
True
Is 2460 a multiple of 15?
True
Does 19 divide 684?
True
Is 25 a factor of 5625?
True
Is 369 a multiple of 19?
False
Is 7404 a multiple of 42?
False
Is 24 a factor of 272?
False
Is 47 a factor of 4653?
True
Is 550 a multiple of 11?
True
Is 275 a multiple of 11?
True
Is 1016 a multiple of 72?
False
Is 12291 a multiple of 295?
False
Is 3 a factor of 2561?
False
Does 54 divide 750?
False
Does 8 divide 1550?
False
Is 42734 a multiple of 23?
True
Does 10 divide 500?
True
Is 23046 a multiple of 51?
False
Does 2 divide 82?
True
Does 57 divide 3633?
False
Is 8150 a multiple of 151?
False
Does 2 divide 15023?
False
Is 70 a multiple of 7?
True
Does 23 divide 7705?
True
Does 46 divide 468?
False
Is 1215 a multiple of 20?
False
Does 34 divide 11356?
True
Is 4538 a multiple of 26?
False
Does 21 divide 315?
True
Is 58 a factor of 348?
True
Does 60 divide 1740?
True
Does 30 divide 120?
True
Is 1537 a multiple of 2?
False
Is 157 a factor of 46031?
False
Is 2 a factor of 5389?
False
Is 15 a factor of 674?
False
Is 131 a factor of 4716?
True
Does 41 divide 7091?
False
Does 17 divide 30079?
False
Is 6 a factor of 68?
False
Does 39 divide 2574?
True
Is 40408 a multiple of 313?
False
Is 358 a multiple of 11?
False
Is 12 a factor of 290?
False
Does 202 divide 32926?
True
Is 12 a factor of 216?
True
Is 20 a factor of 9307?
False
Is 11 a factor of 770?
True
Does 16 divide 41355?
False
Does 13 divide 13?
True
Is 254 a multiple of 2?
True
Is 11 a factor of 674?
False
Is 10 a factor of 640?
True
Is 29926 a multiple of 185?
False
Does 5 divide 1081?
False
Is 225 a multiple of 25?
True
Is 366 a multiple of 28?
False
Is 595 a multiple of 35?
True
Is 96768 a multiple of 310?
False
Is 495 a multiple of 9?
True
Is 7202 a multiple of 13?
True
Is 87 a factor of 5444?
False
Is 35 a factor of 25025?
True
Does 76 divide 10640?
True
Is 71 a multiple of 5?
False
Is 985 a multiple of 14?
False
Is 3 a factor of 1903?
False
Does 11 divide 704?
True
Does 26 divide 6796?
False
Does 29 divide 5984?
False
Is 14 a factor of 313?
False
Is 110360 a multiple of 248?
True
Is 440 a multiple of 4?
True
Does 22 divide 990?
True
Does 333 divide 167166?
True
Is 561 a multiple of 24?
False
Does 11 divide 8604?
False
Does 23 divide 6203?
False
Is 8540 a multiple of 140?
True
Does 10 divide 900?
True
Is 11 a factor of 445?
False
Does 4 divide 1444?
True
Is 9 a factor of 236?
False
Is 7 a factor of 5446?
True
Is 843 a multiple of 14?
False
Does 103 divide 3914?
True
Does 79 divide 1185?
True
Is 11 a factor of 1209?
False
Does 29 divide 4843?
True
Is 36 a factor of 6120?
True
Does 21 divide 25410?
True
Does 97 divide 2522?
True
Is 382 a multiple of 8?
False
Does 11 divide 4619?
False
Is 3 a factor of 171?
True
Does 21 divide 1428?
True
Is 3936 a multiple of 43?
False
Is 15901 a multiple of 66?
False
Is 55 a factor of 4251?
False
Does 16 divide 7088?
True
Is 39 a multiple of 6?
False
Is 13990 a multiple of 56?
False
Is 19050 a multiple of 10?
True
Is 17 a factor of 544?
True
Is 93 a factor of 1488?
True
Does 3 divide 4188?
True
Is 148 a multiple of 36?
False
Is 1390 a multiple of 15?
False
Does 10 divide 16126?
False
Is 504 a multiple of 18?
True
Is 7335 a multiple of 9?
True
Does 13 divide 4076?
False
Is 4 a factor of 1508?
True
Does 45 divide 855?
True
Is 73 a factor of 156220?
True
Is 11 a factor of 354?
False
Does 20 divide 700?
True
Is 5 a factor of 1798?
False
Is 67 a factor of 24924?
True
Does 6 divide 7942?
False
Is 7922 a multiple of 17?
True
Does 224 divide 36252?
False
Does 21 divide 11912?
False
Is 636 a multiple of 3?
True
Is 32 a factor of 11431?
False
Is 62748 a multiple of 14?
True
Does 27 divide 1152?
False
Is 8 a factor of 324?
False
Does 17 divide 4753?
False
Is 38 a factor of 806?
False
Is 49 a factor of 29890?
True
Is 5 a factor of 74?
False
Is 106 a factor of 1724?
False
Does 61 divide 31826?
False
Is 203 a multiple of 7?
True
Is 18 a factor of 601?
False
Is 21 a factor of 16308?
False
Is 14 a factor of 33236?
True
Is 49 a factor of 2088?
False
Is 132613 a multiple of 13?
True
Is 14349 a multiple of 6?
False
Does 15 divide 810?
True
Is 42 a factor of 15787?
False
Is 48 a factor of 20400?
True
Is 3 a factor of 25615?
False
Is 2251 a multiple of 10?
False
Does 4 divide 4443?
False
Is 14 a factor of 3122?
True
Is 22 a factor of 9261?
False
Does 113 divide 3616?
True
Is 2675 a multiple of 77?
False
Is 8586 a multiple of 9?
True
Does 8 divide 472?
True
Does 35 divide 38?
False
Is 600 a multiple of 7?
False
Is 4352 a multiple of 88?
False
Is 16926 a multiple of 21?
True
Does 4 divide 6900?
True
Does 10 divide 19350?
True
Is 749 a multiple of 2?
False
Is 2681 a multiple of 7?
True
Is 12 a factor of 31680?
True
Does 23 divide 246?
False
Does 9 divide 36?
True
Is 8 a factor of 2486?
False
Does 2 divide 276?
True
Is 25964 a multiple of 124?
False
Does 15 divide 478?
False
Is 4881 a multiple of 125?
False
Does 28 divide 7046?
False
Does 41 divide 3403?
True
Is 23 a factor of 31379?
False
Does 73 divide 217?
False
Is 19 a factor of 3138?
False
Is 25608 a multiple of 44?
True
Is 69 a factor of 92326?
False
Is 1133 a multiple of 2?
False
Is 18 a factor of 352?
False
Is 21 a factor of 483?
True
Is 2168 a multiple of 52?
False
Does 70 divide 9590?
True
Is 57 a factor of 399?
True
Is 33 a factor of 8113?
False
Is 57 a factor of 953?
False
Does 140 divide 4760?
True
Is 596 a multiple of 31?
False
Is 28 a multiple of 4?
True
Does 51 divide 5499?
False
Is 29 a 